- 3*k + 80, 3*d - 2*k = 106. Calculate the greatest common divisor of 648 and d.
36
Let h(u) = 38*u - 14*u - 13*u - 10*u. Let s be h(2). Suppose -5*y + 5 = s*m, 0 - 16 = -4*m - 4*y. Calculate the greatest common divisor of 55 and m.
5
Suppose -4*f - 8 = -5*b, 2*f = 5*b - 0*f - 4. Suppose 4*q + b - 4 = 0. Calculate the highest common divisor of q and 1.
1
Suppose 9*a = 3*a + 42. What is the greatest common factor of 63 and a?
7
Let c be (12/18)/((-2)/36). Let p = 16 - c. Calculate the greatest common factor of 70 and p.
14
Let d be (-32)/(-40) - 942/(-10). Calculate the highest common divisor of 5 and d.
5
Let v(i) = i**3 + 27*i**2 - 47*i + 84. Let z be v(-28). What is the highest common divisor of z and 88?
88
Let s(o) = 15*o**3 + 2*o**2 - 2*o + 4. Let t be s(2). What is the greatest common divisor of 8 and t?
8
Let m(h) = -h**3 - 6*h**2 - 3*h - 4. Let b be m(-6). Let t = 0 + -4. Let o be (-1)/t*7*24. Calculate the greatest common factor of o and b.
14
Let p be (-7 + 0)*19/(-133). Suppose 4*d + p = 113. Suppose -195 = -3*j + 3*c, -3*j - 5*c + 253 - 18 = 0. What is the greatest common factor of d and j?
14
Let d(s) = s - 38. Let o be d(65). Calculate the highest common divisor of 15 and o.
3
Let u be 13 + -8 - 9*-71. Calculate the greatest common divisor of u and 28.
28
Suppose 29*m = 34*m - 145. Let b = 68 - m. Calculate the greatest common factor of b and 13.
13
Suppose 4 = -3*f - 4*z, z = f - 0*z - 8. Suppose 80 = f*d - 256. Suppose 0*r = -r + 21. Calculate the highest common divisor of r and d.
21
Let a be -2 + (3 - -1) + -4 + 44. Let s = 4 + -11. Let p = 0 - s. Calculate the highest common factor of a and p.
7
Let a = -151 + 522. What is the greatest common divisor of 53 and a?
53
Let q = 1268 - 1264. What is the highest common divisor of 76 and q?
4
Let u(t) = -t**3 - 5*t**2 + 8*t + 12. Let r be u(-6). Suppose r = 3*c - 5*c - 18. Let z be -2 + (-4 + 8 - c). Calculate the highest common divisor of z and 11.
11
Let g be (32/12)/(2/(-9)). Let m be 4/16 - 105/g. Suppose 4 + 2 = f. Calculate the highest common factor of f and m.
3
Let q be 154/2 - (9 - (5 - -4)). Calculate the highest common divisor of 21 and q.
7
Let a(d) = d**3 - 5*d**2 - 4*d - 10. Suppose 5*h = m + 33, -2*m = -7*h + 6*h + 3. Let j be a(h). What is the greatest common factor of j and 45?
15
Let c = 78 - -18. Let x be 4*-3*(-2 - 6/4). Suppose -6 = -4*a + x. What is the greatest common divisor of c and a?
12
Let x be (-8)/15*54/36*-30. What is the greatest common factor of 12 and x?
12
Suppose -600 = 9*r - 19*r. Calculate the greatest common divisor of r and 15.
15
Suppose -62 - 56 = -2*j + 3*l, -2*l = 4*j - 252. Calculate the highest common divisor of 124 and j.
62
Let i(b) = b**2 + 7*b - 7. Let r be i(-8). Let k(a) = -8*a + 1. Let d be k(0). What is the highest common factor of r and d?
1
Let z(s) = -s**2 + 12 - 6 + 6*s + 2*s**2. Let p be z(-6). Let n be -3*(-3)/1*p. What is the greatest common divisor of n and 81?
27
Suppose -c - 3*y - 2 = 0, -2*c - 4*y = 2*c - 24. Let x be ((-126)/49 - -4)*21. Calculate the greatest common divisor of x and c.
10
Let h = -1147 - -1159. Calculate the greatest common divisor of 204 and h.
12
Suppose -5*c + 649 = -u, 2*c = 4*u + 3 + 253. Calculate the highest common factor of c and 20.
10
Let f = 207 - 171. What is the greatest common factor of 207 and f?
9
Let w be ((-51)/18)/(3/(-18)). Suppose -2*r - 5*a = -15, 3*r + 0*a - w = -2*a. What is the highest common factor of 1 and r?
1
Let l(w) = -7*w + 155. Let x be l(21). Calculate the highest common divisor of 50 and x.
2
Let i be ((-12)/(-10))/(9/(-30)). Let f(g) = -2*g - 3. Let o be f(i). Calculate the highest common factor of 10 and o.
5
Let x(g) = g + 28. Suppose 80 = -17*u + 12*u. Let n be x(u). Calculate the greatest common factor of n and 132.
12
Let j = 96 - 47. Let m be (6 + -5 + 2)/(21/35). Suppose 0 = -p - f + 8, -3*f - j = -m*p - 1. What is the highest common factor of p and 72?
9
Let g be 1392/(-290)*1160/(-6). What is the greatest common divisor of 32 and g?
32
Suppose 21 = k - 5*p, 2*k + 6*p = 2*p + 28. Suppose 0 = 4*c + k, -3*c - c - 148 = -3*i. Suppose i + 96 = 4*h. What is the highest common divisor of 7 and h?
7
Suppose -2*c - 8 = -5*n, 3*n - 7 = 2*n - 5*c. Suppose 0 = -3*x + n*x + 17. Suppose -2*j = -x - 11. What is the highest common factor of j and 21?
7
Let o(h) = -11*h - 8. Let x be o(-2). Let f = 78 - x. Calculate the highest common divisor of 8 and f.
8
Suppose -698 = -39*c + 667. Calculate the greatest common divisor of c and 1120.
35
Suppose 214 - 324 = -n. Calculate the highest common factor of n and 77.
11
Let x be (-4 - 3)*-1 - -4. Let i(y) = -y**3 + 10*y**2 - 9*y + 3. Let k be i(9). Suppose -55 = k*r - 4*r. What is the greatest common factor of x and r?
11
Suppose 137*m + 35 = 142*m. Calculate the greatest common divisor of m and 175.
7
Let g(x) = -30*x - 241. Let n be g(-9). Calculate the highest common divisor of n and 29.
29
Let u be (-5964)/(-35) + (-2)/5. Suppose 2*q = 138 + u. Let c be 12 + -4 + (2 - -4). Calculate the greatest common factor of q and c.
14
Let g = 470 + -469. What is the highest common factor of 1 and g?
1
Let z(f) = -5*f + 67. Let w be z(-5). Calculate the greatest common factor of w and 4.
4
Let d(r) = 2*r**2 - 40*r - 18. Let z be d(21). What is the highest common factor of 192 and z?
24
Suppose -c + 2*s = -278 + 9, -3*s = 3. Calculate the greatest common factor of 9 and c.
3
Suppose -2 - 62 = 4*p. Let s be (7 + -2)*p/20. Let a = 10 + s. Calculate the highest common divisor of a and 15.
3
Suppose 3*r = 2*r + 47. Suppose -h = -3*m + r - 10, 0 = -3*h + 15. Let s = -268 + 422. Calculate the greatest common factor of s and m.
14
Let m be 16/(((-2)/(-6))/((-2)/(-2))). What is the greatest common factor of m and 396?
12
Suppose 0 = -30*h + 4*h + 494. What is the greatest common divisor of 57 and h?
19
Let u be 0*(2 - (3 + -2)). Suppose -12 = -3*l - u*l. Let f be (4 + 2)*l/12. Calculate the greatest common factor of f and 1.
1
Let w(g) be the third derivative of -g**6/120 - 7*g**5/30 - g**4/24 + g**3/2 - 15*g**2. Let h be w(-14). What is the highest common factor of h and 17?
17
Suppose 4*z + 84 = 4*c + 7*z, 0 = -3*z. Let h be 202 - (c/3 - 3). Calculate the highest common factor of h and 18.
18
Let c be (-1)/(-8) - (-46)/16. Suppose 4*p - c*j = -2*j - 16, -4*j + 12 = -3*p. Let d be (-74)/(-4) + 6/p. What is the greatest common divisor of 187 and d?
17
Let v be 3 - 5 - (-3 - 2). Suppose 0 = -n - 0 + v, 3*o + 3*n = 21. Let b be 6/(-3 - (-15)/o). What is the highest common divisor of b and 12?
4
Suppose 26*s - 9575 = 19675. Calculate the greatest common factor of s and 45.
45
Let c(s) = -s**3 + 25*s**2 - 2*s + 83. Let j be c(25). What is the highest common divisor of 957 and j?
33
Let o(c) = 2*c + 96. Let s be o(-18). Calculate the greatest common factor of s and 80.
20
Suppose 13*w - 32 - 98 = 0. Suppose -d + w*d = 99. Let h(o) = o**2 - 4*o + 6. Let p be h(5). Calculate the greatest common divisor of d and p.
11
Let a(n) = -n**3 + 15*n**2 + 15*n + 15. Let z be a(14). Let i = -223 + z. Suppose -v - 5*v = -i. Calculate the highest common divisor of 66 and v.
33
Suppose -47*f + 3536 = -13*f. Calculate the greatest common divisor of f and 32.
8
Let y(x) = 2*x**2 + 4*x - 2. Let s be y(-4). Suppose 7*k = -d + 2*k + 107, 5*k + 117 = d. Calculate the greatest common divisor of s and d.
14
Let f = -118 + 128. Let b = -156 + 369. Let l = b + -123. What is the highest common divisor of l and f?
10
Let u = -1499 + 1772. What is the highest common factor of u and 63?
21
Let c be 7/(2/(-14)*(-6)/(-12)). Let b = -79 - c. Calculate the highest common factor of 19 and b.
19
Let l = -20 + 22. Suppose -7*a + l*a = -20. Suppose -162 = -a*h + h. Calculate the greatest common divisor of h and 18.
18
Let s be (9 - -8)*(1 - 0). What is the greatest common factor of 34 and s?
17
Suppose -10*o + 9*o = 0, -l - 5*o = -20. Calculate the greatest common factor of l and 260.
20
Suppose -3*g = 1 - 4, -d + 36 = -4*g. Suppose 3*n = -9*t + 11*t - 83, 2*t - 77 = -3*n. Calculate the highest common divisor of t and d.
40
Let r(o) = 0*o + 0 + 3*o - 4*o - 1. Let q(l) = 3*l**2 - 7*l + 13. Let a(k) = q(k) + 2*r(k). Let z be a(7). Calculate the greatest common factor of 38 and z.
19
L